46?
7
What is the ten millions digit of 15298729?
1
What is the thousands digit of 2116844?
6
What is the millions digit of 5895777?
5
What is the tens digit of 8811084?
8
What is the tens digit of 2274666?
6
What is the hundreds digit of 2660017?
0
What is the ten thousands digit of 249247?
4
What is the ten thousands digit of 523789?
2
What is the units digit of 8462659?
9
What is the hundreds digit of 1220913?
9
What is the tens digit of 47136?
3
What is the tens digit of 747179?
7
What is the hundreds digit of 17634088?
0
What is the hundreds digit of 74762?
7
What is the ten thousands digit of 3262211?
6
What is the hundred thousands digit of 1191934?
1
What is the ten thousands digit of 81701?
8
What is the hundreds digit of 5340058?
0
What is the ten thousands digit of 1735427?
3
What is the hundreds digit of 29162481?
4
What is the tens digit of 4297262?
6
What is the units digit of 1821221?
1
What is the thousands digit of 2448718?
8
What is the ten thousands digit of 729831?
2
What is the thousands digit of 5168399?
8
What is the ten thousands digit of 1069228?
6
What is the units digit of 7530888?
8
What is the hundred thousands digit of 3985864?
9
What is the thousands digit of 896709?
6
What is the millions digit of 2165443?
2
What is the thousands digit of 434225?
4
What is the millions digit of 20931795?
0
What is the thousands digit of 271991?
1
What is the tens digit of 7068392?
9
What is the tens digit of 521453?
5
What is the hundreds digit of 453211?
2
What is the ten thousands digit of 4955027?
5
What is the ten thousands digit of 592310?
9
What is the ten thousands digit of 369742?
6
What is the units digit of 1542842?
2
What is the tens digit of 256727?
2
What is the thousands digit of 814899?
4
What is the thousands digit of 15432?
5
What is the ten thousands digit of 832646?
3
What is the units digit of 3075832?
2
What is the tens digit of 458202?
0
What is the ten thousands digit of 2181017?
8
What is the ten millions digit of 12680900?
1
What is the thousands digit of 3465580?
5
What is the ten thousands digit of 402937?
0
What is the units digit of 186193?
3
What is the units digit of 19458?
8
What is the thousands digit of 2083206?
3
What is the thousands digit of 3762244?
2
What is the ten thousands digit of 767416?
6
What is the units digit of 147349?
9
What is the units digit of 10325619?
9
What is the thousands digit of 907322?
7
What is the ten millions digit of 21663794?
2
What is the tens digit of 510205?
0
What is the thousands digit of 3002744?
2
What is the ten thousands digit of 9407799?
0
What is the hundreds digit of 588077?
0
What is the ten thousands digit of 210565?
1
What is the tens digit of 4929657?
5
What is the units digit of 4181419?
9
What is the hundreds digit of 366692?
6
What is the hundreds digit of 1583120?
1
What is the thousands digit of 19513239?
3
What is the ten thousands digit of 3485095?
8
What is the ten thousands digit of 2596834?
9
What is the millions digit of 4080145?
4
What is the hundreds digit of 197691?
6
What is the hundred thousands digit of 722242?
7
What is the hundreds digit of 10201?
2
What is the hundreds digit of 408306?
3
What is the hundreds digit of 290129?
1
What is the millions digit of 4690190?
4
What is the hundred thousands digit of 6048292?
0
What is the hundred thousands digit of 509760?
5
What is the hundreds digit of 187476?
4
What is the ten thousands digit of 205264?
0
What is the thousands digit of 129304?
9
What is the millions digit of 1249244?
1
What is the thousands digit of 9163406?
3
What is the millions digit of 13731209?
3
What is the hundred thousands digit of 4083951?
0
What is the millions digit of 2960232?
2
What is the units digit of 43137?
7
What is the tens digit of 20590?
9
What is the tens digit of 10645503?
0
What is the ten thousands digit of 467976?
6
What is the thousands digit of 620088?
0
What is the ten thousands digit of 13116408?
1
What is the ten thousands digit of 427477?
2
What is the hundreds digit of 2820527?
5
What is the tens digit of 113707?
0
What is the ten thousands digit of 139835?
3
What is the thousands digit of 975001?
5
What is the ten thousands digit of 756301?
5
What is the ten thousands digit of 4993063?
9
What is the ten thousands digit of 16029199?
2
What is the hundreds digit of 4156670?
6
What is the hundred thousands digit of 10706019?
7
What is the ten thousands digit of 20256907?
5
What is the ten thousands digit of 2126834?
2
What is the units digit of 3056721?
1
What is the units digit of 36492?
2
What is the units digit of 80155?
5
What is the ten thousands digit of 10785942?
8
What is the hundreds digit of 1599739?
7
What is the hundreds digit of 15200087?
0
What is the hundred thousands digit of 1552202?
5
What is the hundreds digit of 1047514?
5
What is the units digit of 85753?
3
What is the thousands digit of 9414231?
4
What is the units digit of 1405112?
2
What is the hundred thousands digit of 1956106?
9
What is the millions digit of 2053565?
2
What is the hundreds digit of 6420154?
1
What is the hundred thousands digit of 11825134?
8
What is the units digit of 79648?
8
What is the ten thousands digit of 145579?
4
What is the ten thousands digit of 2626542?
2
What is the hundred thousands digit of 13260706?
2
What is the ten thousands digit of 10297?
1
What is the units digit of 18309691?
1
What is the hundred thousands digit of 157207?
1
What is the hundred thousands digit of 353064?
3
What is the thousands digit of 88543?
8
What is the millions digit of 3614509?
3
What is the hundred thousands digit of 620678?
6
What is the ten thousands digit of 4052330?
5
What is the hundreds digit of 1645232?
2
What is the hundred thousands digit of 116893?
1
What is the thousands digit of 113052?
3
What is the hundred thousands digit of 1364010?
3
What is the hundreds digit of 56619?
6
What is the hundreds digit of 940678?
6
What is the tens digit of 88958?
5
What is the ten thousands digit of 30040563?
4
What is the thousands digit of 2342169?
2
What is the millions digit of 13122775?
3
What is the units digit of 612200?
0
What is the ten thousands digit of 3543737?
4
What is the ten thousands digit of 5354401?
5
What is the hundred thousands digit of 313717?
3
What is the hundred thousands digit of 1513147?
5
What is the hundreds digit of 802333?
3
What is the hundreds digit of 35129513?
5
What is the thousands digit of 337433?
7
What is the tens digit of 1155904?
0
What is the ten thousands digit of 39653102?
5
What is the millions digit of 21273661?
1
What is the units digit of 153466?
6
What is the millions digit of 2513223?
2
What is the hundreds digit of 3622711?
7
What is the hundreds digit of 327160?
1
What is the ten thousands digit of 3402993?
0
What is the tens digit of 8492488?
8
What is the tens digit of 562509?
0
What is the units digit of 745184?
4
What is the ten thousands digit of 67190?
6
What is the tens digit of 677088?
8
What is the units digit of 740926?
6
What is the thousands digit of 7758526?
8
What is the ten thousands digit of 3637673?
3
What is the thousands digit of 461957?
1
What is the thousands digit of 250959?
0
What is the thousands digit of 6632968?
2
What is the units digit of 263611?
1
What is the ten thousands digit of 36214102?
1
What is the hundred thousands digit of 2120519?
1
What is the ten thousands digit of 222886?
2
What is the hundreds digit of 567147?
1
What is the ten thousands digit of 865057?
6
What is the thousands digit of 10666996?
6
What is the hundred thousands digit of 2299703?
2
What is the units digit of 1265800?
0
What is the units digit of 1897913?
3
What is the hundreds digit of 368956?
9
What is the hundred thousands digit of 1797107?
7
What is the tens digit of 200743?
4
What is the hundreds digit of 19007406?
4
What is the thousands digit of 33859?
3
What is the units digit of 332064?
4
What is the hundred thousands digit of 6501297?
5
What is the thousands digit of 580110?
0
What is the ten thousands digit of 788383?
8
What is the millions digit of 1641616?
1
What is the units digit of 15096382?
2
What is the hundreds digit of 789345?
3
What is the units digit of 6918599?
9
What is the units digit of 10832219?
9
What is the tens